{"id":230,"date":"2022-10-09T16:56:57","date_gmt":"2022-10-09T14:56:57","guid":{"rendered":"https:\/\/sancafe.fr\/?page_id=230"},"modified":"2024-01-11T16:51:07","modified_gmt":"2024-01-11T14:51:07","slug":"nos-engagements","status":"publish","type":"page","link":"https:\/\/sancafe.fr\/index.php\/nos-engagements\/","title":{"rendered":"Nos engagements"},"content":{"rendered":"\t\t<div data-elementor-type=\"wp-page\" data-elementor-id=\"230\" class=\"elementor elementor-230\" data-elementor-post-type=\"page\">\n\t\t\t\t\t\t<section class=\"elementor-section elementor-top-section elementor-element elementor-element-f411e8d elementor-section-boxed elementor-section-height-default elementor-section-height-default\" data-id=\"f411e8d\" data-element_type=\"section\" data-e-type=\"section\">\n\t\t\t\t\t\t<div class=\"elementor-container elementor-column-gap-default\">\n\t\t\t\t\t<div class=\"elementor-column elementor-col-100 elementor-top-column elementor-element elementor-element-67ea98f\" data-id=\"67ea98f\" data-element_type=\"column\" data-e-type=\"column\">\n\t\t\t<div class=\"elementor-widget-wrap elementor-element-populated\">\n\t\t\t\t\t\t<div class=\"elementor-element elementor-element-268a759 elementor-widget elementor-widget-icon-box\" data-id=\"268a759\" data-element_type=\"widget\" data-e-type=\"widget\" data-widget_type=\"icon-box.default\">\n\t\t\t\t<div class=\"elementor-widget-container\">\n\t\t\t\t\t\t\t<div class=\"elementor-icon-box-wrapper\">\n\n\t\t\t\n\t\t\t\t\t\t<div class=\"elementor-icon-box-content\">\n\n\t\t\t\t\t\t\t\t\t<h3 class=\"elementor-icon-box-title\">\n\t\t\t\t\t\t<span  >\n\t\t\t\t\t\t\t<b>Des p\u00e2tisseries, oui mais AVEC MOINS DE sucres raffin\u00e9s !<\/b>\t\t\t\t\t\t<\/span>\n\t\t\t\t\t<\/h3>\n\t\t\t\t\n\t\t\t\t\t\t\t\t\t<p class=\"elementor-icon-box-description\">\n\t\t\t\t\t\tVenez vous faire plaisir sans culpabiliser avec nos cookies savoureux ou encore nos petites brioches nature ou aux p\u00e9pites de chocolat maison (uniquement le WE) !<br>Nos cr\u00eapes sont r\u00e9alis\u00e9es chaque jour d'ouverture, n'h\u00e9sitez pas \u00e0 go\u00fbter notre best seller, celle au chocolat et sa pointe de cr\u00e8me chantilly !  \nEt pour les parents qui souhaitent aller plus loin, nous vous recommandons  l\u2019ouvrage \u201cLes nouveaux go\u00fbters\u201d de Candice Levy, notre bible pour les go\u00fbters \u00e0 la maison.<br>\t\t\t\t\t<\/p>\n\t\t\t\t\n\t\t\t<\/div>\n\t\t\t\n\t\t<\/div>\n\t\t\t\t\t\t<\/div>\n\t\t\t\t<\/div>\n\t\t\t\t\t<\/div>\n\t\t<\/div>\n\t\t\t\t\t<\/div>\n\t\t<\/section>\n\t\t\t\t<section class=\"elementor-section elementor-top-section elementor-element elementor-element-a4f1cd0 elementor-section-boxed elementor-section-height-default elementor-section-height-default\" data-id=\"a4f1cd0\" data-element_type=\"section\" data-e-type=\"section\">\n\t\t\t\t\t\t<div class=\"elementor-container elementor-column-gap-default\">\n\t\t\t\t\t<div class=\"elementor-column elementor-col-100 elementor-top-column elementor-element elementor-element-6d768fd\" data-id=\"6d768fd\" data-element_type=\"column\" data-e-type=\"column\">\n\t\t\t<div class=\"elementor-widget-wrap elementor-element-populated\">\n\t\t\t\t\t\t<div class=\"elementor-element elementor-element-3908c77 elementor-widget elementor-widget-icon-box\" data-id=\"3908c77\" data-element_type=\"widget\" data-e-type=\"widget\" data-widget_type=\"icon-box.default\">\n\t\t\t\t<div class=\"elementor-widget-container\">\n\t\t\t\t\t\t\t<div class=\"elementor-icon-box-wrapper\">\n\n\t\t\t\n\t\t\t\t\t\t<div class=\"elementor-icon-box-content\">\n\n\t\t\t\t\t\t\t\t\t<h3 class=\"elementor-icon-box-title\">\n\t\t\t\t\t\t<span  >\n\t\t\t\t\t\t\tCuisin\u00e9 avec amour \u2764\ufe0f\n\t\t\t\t\t\t<\/span>\n\t\t\t\t\t<\/h3>\n\t\t\t\t\n\t\t\t\t\t\t\t\t\t<p class=\"elementor-icon-box-description\">\n\t\t\t\t\t\tC\u2019est simple, chez nous on aime manger. <br>Cet amour pour la cuisine, c\u2019est quelque chose que l\u2019on se transmet de g\u00e9n\u00e9ration en g\u00e9n\u00e9ration. Un bien familial pr\u00e9cieux dont les meilleurs souvenirs ont pour lieu commun le restaurant dans lequel nous avons grandi, et beaucoup appris.<br>On aime recevoir, partager, cuisiner pour les gens qu\u2019on aime. \t\t\t\t\t<\/p>\n\t\t\t\t\n\t\t\t<\/div>\n\t\t\t\n\t\t<\/div>\n\t\t\t\t\t\t<\/div>\n\t\t\t\t<\/div>\n\t\t\t\t\t<\/div>\n\t\t<\/div>\n\t\t\t\t\t<\/div>\n\t\t<\/section>\n\t\t\t\t<section class=\"elementor-section elementor-top-section elementor-element elementor-element-e48cfac elementor-section-boxed elementor-section-height-default elementor-section-height-default\" data-id=\"e48cfac\" data-element_type=\"section\" data-e-type=\"section\">\n\t\t\t\t\t\t<div class=\"elementor-container elementor-column-gap-default\">\n\t\t\t\t\t<div class=\"elementor-column elementor-col-100 elementor-top-column elementor-element elementor-element-52578b1\" data-id=\"52578b1\" data-element_type=\"column\" data-e-type=\"column\">\n\t\t\t<div class=\"elementor-widget-wrap elementor-element-populated\">\n\t\t\t\t\t\t<div class=\"elementor-element elementor-element-c00f9f3 elementor-widget elementor-widget-icon-box\" data-id=\"c00f9f3\" data-element_type=\"widget\" data-e-type=\"widget\" data-widget_type=\"icon-box.default\">\n\t\t\t\t<div class=\"elementor-widget-container\">\n\t\t\t\t\t\t\t<div class=\"elementor-icon-box-wrapper\">\n\n\t\t\t\n\t\t\t\t\t\t<div class=\"elementor-icon-box-content\">\n\n\t\t\t\t\t\t\t\t\t<h3 class=\"elementor-icon-box-title\">\n\t\t\t\t\t\t<span  >\n\t\t\t\t\t\t\t<b>Moins de d\u00e9chets, c\u2019est possible ?<\/b>\t\t\t\t\t\t<\/span>\n\t\t\t\t\t<\/h3>\n\t\t\t\t\n\t\t\t\t\t\t\t\t\t<p class=\"elementor-icon-box-description\">\n\t\t\t\t\t\tNous mettons \u00e9galement un point d\u2019honneur \u00e0 g\u00e9n\u00e9rer moins de d\u00e9chets. Pour \u00e9viter de vous servir vos boissons dans des contenants \u00e0 usage unique, nous mettons en place un syst\u00e8me permettant \u00e0 celles et ceux qui le souhaitent de venir avec leur propre tasse, mug, termos, et de b\u00e9n\u00e9ficier d\u2019un tarif pr\u00e9f\u00e9rentiel (ceci ne s\u2019applique que sur les boissons).<br>Par d\u00e9faut nous vous servirons dans des gobelets 1<span style=\"--original-color: #444444;color: #444444\">00% biod\u00e9gradables et compostables.<b> <\/b><\/span>\t\t\t\t\t<\/p>\n\t\t\t\t\n\t\t\t<\/div>\n\t\t\t\n\t\t<\/div>\n\t\t\t\t\t\t<\/div>\n\t\t\t\t<\/div>\n\t\t\t\t<div class=\"elementor-element elementor-element-45eb2cf elementor-widget elementor-widget-spacer\" data-id=\"45eb2cf\" data-element_type=\"widget\" data-e-type=\"widget\" data-widget_type=\"spacer.default\">\n\t\t\t\t<div class=\"elementor-widget-container\">\n\t\t\t\t\t\t\t<div class=\"elementor-spacer\">\n\t\t\t<div class=\"elementor-spacer-inner\"><\/div>\n\t\t<\/div>\n\t\t\t\t\t\t<\/div>\n\t\t\t\t<\/div>\n\t\t\t\t\t<\/div>\n\t\t<\/div>\n\t\t\t\t\t<\/div>\n\t\t<\/section>\n\t\t\t\t<\/div>\n\t\t","protected":false},"excerpt":{"rendered":"<p>Des p\u00e2tisseries, oui mais AVEC MOINS DE sucres raffin\u00e9s ! Venez vous faire plaisir sans culpabiliser avec nos cookies savoureux ou encore nos petites brioches nature ou aux p\u00e9pites de chocolat maison (uniquement le WE) ! Nos cr\u00eapes sont r\u00e9alis\u00e9es chaque jour d&rsquo;ouverture, n&rsquo;h\u00e9sitez pas \u00e0 go\u00fbter notre best seller, celle au chocolat et sa&hellip;&nbsp;<a href=\"https:\/\/sancafe.fr\/index.php\/nos-engagements\/\" rel=\"bookmark\"><span class=\"screen-reader-text\">Nos engagements<\/span><\/a><\/p>\n","protected":false},"author":1,"featured_media":0,"parent":0,"menu_order":0,"comment_status":"closed","ping_status":"closed","template":"page-templates\/template-pagebuilder-full-width.php","meta":{"om_disable_all_campaigns":false,"_monsterinsights_skip_tracking":false,"_monsterinsights_sitenote_active":false,"_monsterinsights_sitenote_note":"","_monsterinsights_sitenote_category":0,"neve_meta_sidebar":"","neve_meta_container":"","neve_meta_enable_content_width":"","neve_meta_content_width":0,"neve_meta_title_alignment":"","neve_meta_author_avatar":"","neve_post_elements_order":"","neve_meta_disable_header":"","neve_meta_disable_footer":"","neve_meta_disable_title":"","footnotes":""},"class_list":["post-230","page","type-page","status-publish","hentry"],"aioseo_notices":[],"_links":{"self":[{"href":"https:\/\/sancafe.fr\/index.php\/wp-json\/wp\/v2\/pages\/230","targetHints":{"allow":["GET"]}}],"collection":[{"href":"https:\/\/sancafe.fr\/index.php\/wp-json\/wp\/v2\/pages"}],"about":[{"href":"https:\/\/sancafe.fr\/index.php\/wp-json\/wp\/v2\/types\/page"}],"author":[{"embeddable":true,"href":"https:\/\/sancafe.fr\/index.php\/wp-json\/wp\/v2\/users\/1"}],"replies":[{"embeddable":true,"href":"https:\/\/sancafe.fr\/index.php\/wp-json\/wp\/v2\/comments?post=230"}],"version-history":[{"count":20,"href":"https:\/\/sancafe.fr\/index.php\/wp-json\/wp\/v2\/pages\/230\/revisions"}],"predecessor-version":[{"id":535,"href":"https:\/\/sancafe.fr\/index.php\/wp-json\/wp\/v2\/pages\/230\/revisions\/535"}],"wp:attachment":[{"href":"https:\/\/sancafe.fr\/index.php\/wp-json\/wp\/v2\/media?parent=230"}],"curies":[{"name":"wp","href":"https:\/\/api.w.org\/{rel}","templated":true}]}}