{"id":251,"date":"2022-10-09T18:03:55","date_gmt":"2022-10-09T16:03:55","guid":{"rendered":"https:\/\/sancafe.fr\/?page_id=251"},"modified":"2025-06-09T13:20:01","modified_gmt":"2025-06-09T11:20:01","slug":"notre-histoire","status":"publish","type":"page","link":"https:\/\/sancafe.fr\/index.php\/notre-histoire\/","title":{"rendered":"Notre histoire"},"content":{"rendered":"\t\t<div data-elementor-type=\"wp-page\" data-elementor-id=\"251\" class=\"elementor elementor-251\" data-elementor-post-type=\"page\">\n\t\t\t\t\t\t<section class=\"elementor-section elementor-top-section elementor-element elementor-element-75bf9d82 elementor-section-content-middle elementor-section-boxed elementor-section-height-default elementor-section-height-default\" data-id=\"75bf9d82\" data-element_type=\"section\" data-e-type=\"section\">\n\t\t\t\t\t\t<div class=\"elementor-container elementor-column-gap-no\">\n\t\t\t\t\t<div class=\"elementor-column elementor-col-100 elementor-top-column elementor-element elementor-element-134434b3\" data-id=\"134434b3\" data-element_type=\"column\" data-e-type=\"column\">\n\t\t\t<div class=\"elementor-widget-wrap elementor-element-populated\">\n\t\t\t\t\t\t<div class=\"elementor-element elementor-element-77ee21f elementor-widget elementor-widget-icon-box\" data-id=\"77ee21f\" data-element_type=\"widget\" data-e-type=\"widget\" data-widget_type=\"icon-box.default\">\n\t\t\t\t<div class=\"elementor-widget-container\">\n\t\t\t\t\t\t\t<div class=\"elementor-icon-box-wrapper\">\n\n\t\t\t\n\t\t\t\t\t\t<div class=\"elementor-icon-box-content\">\n\n\t\t\t\t\t\t\t\t\t<h3 class=\"elementor-icon-box-title\">\n\t\t\t\t\t\t<span  >\n\t\t\t\t\t\t\t<b>Un COFFEE SHOP MAIS UNE aventure humaine avant tout<\/b>\t\t\t\t\t\t<\/span>\n\t\t\t\t\t<\/h3>\n\t\t\t\t\n\t\t\t\t\t\t\t\t\t<p class=\"elementor-icon-box-description\">\n\t\t\t\t\t\t<br>Sylvain et Clotilde habitent le rez-de-chauss\u00e9e, C\u00e9line au premier; vous l\u2019aurez compris, les fondateurs du San Caf\u00e9 font d\u2019abord connaissance en tant que voisins et se retrouvent souvent \u00e0 partager des plats et desserts faits maison \u2013 surtout pendant le confinement ! Na\u00eet une amiti\u00e9 forte, soud\u00e9e autour d\u2019un point commun : le go\u00fbt des bonnes choses et du partage.\nSylvain, restaurateur de profession, Clotilde &amp; C\u00e9line ayant baign\u00e9 dans cet univers depuis toutes petites ont alors l\u2019id\u00e9e un peu folle d\u2019un coffee shop\u2026 mais local ! Oui, plus besoin d\u2019aller \u00e0 Paris pour trouver un coffee shop cosy o\u00f9 se poser pour r\u00eavasser ou t\u00e9l\u00e9travailler, tout en d\u00e9gustant du bon caf\u00e9 de sp\u00e9cialit\u00e9 ou des bonnes p\u00e2tisseries faites maison ! D\u00e9sol\u00e9s les Parisiens, on vous aime beaucoup mais on adore notre belle banlieue aussi !\n\nAlfortville, c\u2019est notre ville de c\u0153ur depuis presque 15 ans. Nous nous y sommes fait des amis et y voyons grandir nos enfants. C\u2019est donc tout naturellement que c\u2019est dans cette ville que nous voulions cr\u00e9er ce quelque chose qui nous ressemble.\n\nVoil\u00e0 comment l'aventure du San Caf\u00e9 est n\u00e9e en 2022 !\n\nDepuis, le San Caf\u00e9 a bien grandi. Nous avons fait \u00e9voluer le lieu, agrandi les \u00e9quipes, enrichi la carte, et surtout tiss\u00e9 des liens pr\u00e9cieux avec nos client\u00b7e\u00b7s. Nous avons vu les enfants de nos habitu\u00e9\u00b7e\u00b7s grandir, partag\u00e9 des moments de vie, de rires et de confidences autour d\u2019un cappuccino ou d\u2019un banana bread. Aujourd\u2019hui, une nouvelle page s\u2019\u00e9crit : Clara, notre premi\u00e8re employ\u00e9e et fid\u00e8le complice depuis les d\u00e9buts, reprend les r\u00eanes du San Caf\u00e9. Alfortvillaise de naissance, jeune, dynamique et pleine d\u2019id\u00e9es, elle a \u00e0 c\u0153ur de continuer \u00e0 faire vivre ce lieu avec la m\u00eame passion et d\u2019y proposer de belles choses pour les Alfortvillais\u00b7es.\t\t\t\t\t<\/p>\n\t\t\t\t\n\t\t\t<\/div>\n\t\t\t\n\t\t<\/div>\n\t\t\t\t\t\t<\/div>\n\t\t\t\t<\/div>\n\t\t\t\t<div class=\"elementor-element elementor-element-7afed9d elementor-widget elementor-widget-icon-box\" data-id=\"7afed9d\" data-element_type=\"widget\" data-e-type=\"widget\" data-widget_type=\"icon-box.default\">\n\t\t\t\t<div class=\"elementor-widget-container\">\n\t\t\t\t\t\t\t<div class=\"elementor-icon-box-wrapper\">\n\n\t\t\t\n\t\t\t\t\t\t<div class=\"elementor-icon-box-content\">\n\n\t\t\t\t\t\t\t\t\t<h3 class=\"elementor-icon-box-title\">\n\t\t\t\t\t\t<a href=\"https:\/\/sancafe.fr\/index.php\/qui-sommes-nous\/\" >\n\t\t\t\t\t\t\t<b>POUR EN SAVOIR PLUS SUR NOTRE PHILOSOPHIE<\/b>\t\t\t\t\t\t<\/a>\n\t\t\t\t\t<\/h3>\n\t\t\t\t\n\t\t\t\t\n\t\t\t<\/div>\n\t\t\t\n\t\t<\/div>\n\t\t\t\t\t\t<\/div>\n\t\t\t\t<\/div>\n\t\t\t\t\t<\/div>\n\t\t<\/div>\n\t\t\t\t\t<\/div>\n\t\t<\/section>\n\t\t\t\t<\/div>\n\t\t","protected":false},"excerpt":{"rendered":"<p>Un COFFEE SHOP MAIS UNE aventure humaine avant tout Sylvain et Clotilde habitent le rez-de-chauss\u00e9e, C\u00e9line au premier; vous l\u2019aurez compris, les fondateurs du San Caf\u00e9 font d\u2019abord connaissance en tant que voisins et se retrouvent souvent \u00e0 partager des plats et desserts faits maison \u2013 surtout pendant le confinement ! Na\u00eet une amiti\u00e9 forte,&hellip;&nbsp;<a href=\"https:\/\/sancafe.fr\/index.php\/notre-histoire\/\" rel=\"bookmark\"><span class=\"screen-reader-text\">Notre histoire<\/span><\/a><\/p>\n","protected":false},"author":1,"featured_media":0,"parent":0,"menu_order":0,"comment_status":"closed","ping_status":"closed","template":"page-templates\/template-pagebuilder-full-width.php","meta":{"om_disable_all_campaigns":false,"_monsterinsights_skip_tracking":false,"_monsterinsights_sitenote_active":false,"_monsterinsights_sitenote_note":"","_monsterinsights_sitenote_category":0,"neve_meta_sidebar":"","neve_meta_container":"","neve_meta_enable_content_width":"","neve_meta_content_width":0,"neve_meta_title_alignment":"","neve_meta_author_avatar":"","neve_post_elements_order":"","neve_meta_disable_header":"","neve_meta_disable_footer":"","neve_meta_disable_title":"","footnotes":""},"class_list":["post-251","page","type-page","status-publish","hentry"],"aioseo_notices":[],"_links":{"self":[{"href":"https:\/\/sancafe.fr\/index.php\/wp-json\/wp\/v2\/pages\/251","targetHints":{"allow":["GET"]}}],"collection":[{"href":"https:\/\/sancafe.fr\/index.php\/wp-json\/wp\/v2\/pages"}],"about":[{"href":"https:\/\/sancafe.fr\/index.php\/wp-json\/wp\/v2\/types\/page"}],"author":[{"embeddable":true,"href":"https:\/\/sancafe.fr\/index.php\/wp-json\/wp\/v2\/users\/1"}],"replies":[{"embeddable":true,"href":"https:\/\/sancafe.fr\/index.php\/wp-json\/wp\/v2\/comments?post=251"}],"version-history":[{"count":23,"href":"https:\/\/sancafe.fr\/index.php\/wp-json\/wp\/v2\/pages\/251\/revisions"}],"predecessor-version":[{"id":584,"href":"https:\/\/sancafe.fr\/index.php\/wp-json\/wp\/v2\/pages\/251\/revisions\/584"}],"wp:attachment":[{"href":"https:\/\/sancafe.fr\/index.php\/wp-json\/wp\/v2\/media?parent=251"}],"curies":[{"name":"wp","href":"https:\/\/api.w.org\/{rel}","templated":true}]}}

<div data-elementor-type="wp-page" data-elementor-id="251" class="elementor elementor-251" data-elementor-post-type="page">
						<section class="elementor-section elementor-top-section elementor-element elementor-element-75bf9d82 elementor-section-content-middle elementor-section-boxed elementor-section-height-default elementor-section-height-default" data-id="75bf9d82" data-element_type="section" data-e-type="section">
						<div class="elementor-container elementor-column-gap-no">
					<div class="elementor-column elementor-col-100 elementor-top-column elementor-element elementor-element-134434b3" data-id="134434b3" data-element_type="column" data-e-type="column">
			<div class="elementor-widget-wrap elementor-element-populated">
						<div class="elementor-element elementor-element-77ee21f elementor-widget elementor-widget-icon-box" data-id="77ee21f" data-element_type="widget" data-e-type="widget" data-widget_type="icon-box.default">
				<div class="elementor-widget-container">
							<div class="elementor-icon-box-wrapper">

			
						<div class="elementor-icon-box-content">

									<h3 class="elementor-icon-box-title">
						<span  >
							<b>Un COFFEE SHOP MAIS UNE aventure humaine avant tout</b>						</span>
					</h3>
				
									<p class="elementor-icon-box-description">
						<br>Sylvain et Clotilde habitent le rez-de-chaussée, Céline au premier; vous l’aurez compris, les fondateurs du San Café font d’abord connaissance en tant que voisins et se retrouvent souvent à partager des plats et desserts faits maison – surtout pendant le confinement ! Naît une amitié forte, soudée autour d’un point commun : le goût des bonnes choses et du partage.
Sylvain, restaurateur de profession, Clotilde &amp; Céline ayant baigné dans cet univers depuis toutes petites ont alors l’idée un peu folle d’un coffee shop… mais local ! Oui, plus besoin d’aller à Paris pour trouver un coffee shop cosy où se poser pour rêvasser ou télétravailler, tout en dégustant du bon café de spécialité ou des bonnes pâtisseries faites maison ! Désolés les Parisiens, on vous aime beaucoup mais on adore notre belle banlieue aussi !

Alfortville, c’est notre ville de cœur depuis presque 15 ans. Nous nous y sommes fait des amis et y voyons grandir nos enfants. C’est donc tout naturellement que c’est dans cette ville que nous voulions créer ce quelque chose qui nous ressemble.

Voilà comment l'aventure du San Café est née en 2022 !

Depuis, le San Café a bien grandi. Nous avons fait évoluer le lieu, agrandi les équipes, enrichi la carte, et surtout tissé des liens précieux avec nos client·e·s. Nous avons vu les enfants de nos habitué·e·s grandir, partagé des moments de vie, de rires et de confidences autour d’un cappuccino ou d’un banana bread. Aujourd’hui, une nouvelle page s’écrit : Clara, notre première employée et fidèle complice depuis les débuts, reprend les rênes du San Café. Alfortvillaise de naissance, jeune, dynamique et pleine d’idées, elle a à cœur de continuer à faire vivre ce lieu avec la même passion et d’y proposer de belles choses pour les Alfortvillais·es.					</p>
				
			</div>
			
		</div>
						</div>
				</div>
				<div class="elementor-element elementor-element-7afed9d elementor-widget elementor-widget-icon-box" data-id="7afed9d" data-element_type="widget" data-e-type="widget" data-widget_type="icon-box.default">
				<div class="elementor-widget-container">
							<div class="elementor-icon-box-wrapper">

			
						<div class="elementor-icon-box-content">

									<h3 class="elementor-icon-box-title">
						<a href="https://sancafe.fr/index.php/qui-sommes-nous/" >
							<b>POUR EN SAVOIR PLUS SUR NOTRE PHILOSOPHIE</b>						</a>
					</h3>
				
				
			</div>
			
		</div>
						</div>
				</div>
					</div>
		</div>
					</div>
		</section>
				</div>

<p>Un COFFEE SHOP MAIS UNE aventure humaine avant tout Sylvain et Clotilde habitent le rez-de-chaussée, Céline au premier; vous l’aurez compris, les fondateurs du San Café font d’abord connaissance en tant que voisins et se retrouvent souvent à partager des plats et desserts faits maison – surtout pendant le confinement ! Naît une amitié forte,&hellip;&nbsp;<a href="https://sancafe.fr/index.php/notre-histoire/" rel="bookmark"><span class="screen-reader-text">Notre histoire</span></a></p>
